-5).
-1
Evaluate (-3 - -4) + -7 + 9.
3
Evaluate -19 + 5 + (9 - 1) - -17.
11
What is the value of -1 + 0 + (6 - 5) + -1?
-1
Calculate 4 + (6 - 3) + (0 - 4).
3
What is the value of (-13 - (1 - 3)) + 2?
-9
What is the value of -4 - (0 + -3 - -2)?
-3
What is the value of -3 + (2 + 0 - 1)?
-2
What is the value of (-1 + -4 - -2) + 1?
-2
(0 + 0 - (22 - 16)) + 2
-4
Calculate -4 + 1 + 2 + 1 + -4.
-4
Calculate (4 - 11 - (3 + -14)) + 3.
7
Evaluate (7 - 14) + 5 + -6.
-8
Calculate (8 + -7 - 6) + 12.
7
What is -4 + 9 + -1 - 0?
4
Calculate 0 - (8 - (4 + (1 - 2))).
-5
Evaluate -1 + -1 + 59 + -49.
8
Calculate -3 - (-1 - -8 - (-6 - -17)).
1
Evaluate 4 - (-2 - (-6 - -4)).
4
What is the value of (13 - 19) + (10 - -1)?
5
Evaluate -15 + 25 - (6 - (-2 - 0)).
2
What is the value of (0 - -1) + (0 - 2 - -6)?
5
(-9 - (-5 + 7)) + 8
-3
What is the value of (-1 - (1 + (-2 - -6))) + 6?
0
What is (7 - 0) + 4 + -9?
2
What is 8 - (6 - 4) - 8?
-2
Evaluate 10 + 0 + -7 + -12.
-9
What is the value of -30 + 53 + -15 + 1?
9
What is -9 - 0 - (124 - 133)?
0
Calculate 0 - 1 - -2 - (-3 + 1).
3
What is the value of -3 + (1 - -7 - 3)?
2
What is 0 - 2 - (5 + (-5 - 3))?
1
Calculate -1 + -5 - -5 - 2.
-3
Evaluate 0 + (14 - 26) + 3.
-9
Evaluate 0 + (-8 + 7 - 2).
-3
What is the value of 10 + 6 - 8 - 9?
-1
What is (7 - 3) + 0 + -7 + 2?
-1
Evaluate -2 + -1 + (4 - 2).
-1
Calculate -7 + -2 + -2 + 11 + -4.
-4
What is the value of 2 + 3 + -6 - (-3 + 6)?
-4
What is (-3 - (-2 + -3 + 3)) + 3?
2
Calculate -5 + (7 - (-8 + 15)).
-5
Evaluate 1 + 1 + (1 + -1 - 3).
-1
0 + -1 + 1 - (11 + -10)
-1
What is the value of -7 + (-3 - (7 - 15))?
-2
What is the value of 5 - (10 + (0 - (-6 - -3)))?
-8
What is the value of (3 + 5 - 0) + -3?
5
What is the value of 6 + (0 - 2) + -5 - 0?
-1
What is (4 - 0) + -6 + -5 - -12?
5
Evaluate -7 - (-12 + 3 + 5).
-3
4 + -1 + 57 + -54
6
What is -5 + 8 - (4 - (1 - 2))?
-2
Calculate 6 + -1 + -8 + 9 + -8.
-2
What is the value of 9 - (-3 - -1) - (25 + -18)?
4
What is the value of -2 - (-3 - (-5 + 6)) - -6?
8
What is (-5 - -6) + 3 + -10?
-6
17 - 20 - (3 + -2)
-4
Evaluate (-2 - (11 - 2)) + 12 + -6.
-5
Calculate 1 + -2 - (2 + (2 - 4)).
-1
What is the value of (-5 - -4) + (-1 - 2)?
-4
What is the value of -3 - 0 - (15 - 13)?
-5
-2 - 3 - (-35 - -24)
6
Calculate (1 - 2) + -1 - (23 + -23).
-2
Evaluate -3 + (-4 - -9) + 2.
4
What is -4 + (0 - 3) - -3?
-4
What is 5 + 1 + 7 + -2 + -8?
3
(0 - (3 + -3)) + 3 + -8
-5
Evaluate 1 + 4 - (4 + 5 + 0).
-4
3 + (-5 - -5) - 4
-1
Evaluate -2 - (2 + -3 + 2 + 2).
-5
What is -1 + (-2 - -5) - (19 + -18)?
1
Evaluate (-16 - (-9 - -2)) + 7.
-2
What is the value of -3 + (-1 + -7 - -5)?
-6
What is 4 + 0 + -3 - 1?
0
What is the value of -5 - (3 + -1 + 3 + -8)?
-2
0 + -2 - (5 - 7)
0
Evaluate 4 - -1 - (4 - 3).
4
What is the value of -3 + 0 + -7 + 10?
0
Evaluate 6 + -5 + (-3 - -1) + 2.
1
What is the value of (-1 - (-1 - -1)) + 4?
3
What is the value of 6 + 1 - (-14 - -26)?
-5
What is the value of -19 - (-19 - 1) - (0 - 1)?
2
Calculate -1 + (-7 + 8 - -10 - 4).
6
What is the value of 2 + (4 - 3) - 6?
-3
Calculate (-8 - -1) + 2 + (-7 - -9).
-3
Evaluate 6 - (0 + 0 + 20 + -16).
2
What is the value of -1 + (-8 - (6 - 11))?
-4
Evaluate (11 - 18) + (11 - -2).
6
What is the value of (-5 - 6) + (17 - 3)?
3
Calculate -7 - (10 + -12) - (1 + -1).
-5
Evaluate 1 + 4 + -9 + -1 - -6.
1
Calculate (-2 - -1) + -6 + 2 - 0.
-5
Evaluate -5 - (1 + -5 - (4 + -3)).
0
Calculate (6 - -6) + -9 + -6.
-3
-1 + 8 - (14 + -3 - 3)
-1
6 + (4 + -10 - (3 + 2))
-5
Calculate -12 + -4 + 19 + -6.
-3
What is -2 - ((2 - (4 + -2)) + 0)?
-2
Calculate 3 - (7 + -1 + 4) - -11.
4
What is -5 - (-13 + 2) - 2?
4
Evaluate (10 - 5) + -9 - (-4 + -3).
3
What is the value of (2 - 3) + 4 - 7?
-4
What is the value of -8 + (11 - -6) + -1 - 4?
4
0 - -2 - (0 - (4 - 3))
3
What is the value of (1 + -1 + 6 - 0) + 1?
7
What is 5 + -6 + (-1 - 0) + -2?
-4
What is 4 - ((-4 - -1) + 7 + -4)?
4
(12 - 1) + 76 + -81
6
Evaluate 1 - 6 - -6 - -1.
2
What is the value of -4 - (-5 + 1) - (7 + -2)?
-5
What is the value of 3 - (2 - -3 - 4)?
2
Calculate (1 - -3) + (-20 - -15).
-1
3 + (-3 + 9 - 13) - -14
10
Evaluate -3 - -2 - -1 - (2 + -1).
-1
What is the value of 1 - ((1 - 4) + 10 + -12)?
6
Calculate 1 + 0 - (-7 - -5).
3
-3 + 2 - (-2 + 6) - -2
-3
Evaluate -1 + -2 + 9 + (-10 - -5).
1
Calculate 1 + 1 + 6 + (-3 - 0).
5
What is the value of (-17 - -16) + 1 - (-4 - 1)?
5
1 + (-2 - 3 - -1)
-3
Evaluate (1 - 8) + -11 + 12.
-6
Calculate 9 - 6 - (3 + 3).
-3
What is the value of 4 - ((4 - (0 + 8)) + 12)?
-4
Calculate 2 - (2 - (2 + -6) - 5).
1
Calculate -8 + 9 + -10 + 13.
4
Calculate (16 - 7) + (2 - (0 - -5)).
6
Calculate 7 - (-11 + -4 + 15).
7
4 + 1 + -1 + -3 - 6
-5
Calculate (1 - -1) + 2 + -5.
-1
What is the value of 0 - (3 + 2 + -10 + 4)?
1
(-4 - -1) + 0 + 0
-3
What is 8 + 6 - 6 - 9?
-1
What is the value of (3 - -3) + -2 + -8?
-4
Calculate -24 + 18 + 0 + (1 - -1).
-4
Evaluate -2 + 0 + 0 - (9 + -11).
0
What is the value of 4 + -4 - (4 - 1)?
-3
0 + (1 - -1) + (1 - 1)
2
Calculate 9 - (-10 + (6 - -6)).
7
What is the value of (3 - -1) + 2 + 0 + -2?
4
What is 1 + 0 + 81 + -89?
-7
3 + 0 + 3 + 1 + -14
-7
Calculate -9 + (1 - -9) - 2.
-1
Evaluate -12 + 15 - (2 + -6 + 2).
5
What is the value of -4 + 1 + -4 + (4 - 0)?
-3
Evaluate (19 - (4 - -6)) + -8.
1
Evaluate -11 + 3 + 4 - 4 - -12.
4
Calculate -2 + -1 + (-20 - -18).
-5
Evaluate -1 + -2 - (5 - 11 - 2).
5
Evaluate (-8 + 4 - -3) + 2 + 2.
3
(5 - 0) + -5 + -4
-4
2 + 0 + 2 + -1
3
What is (-4 - (3 - 2 - -3)) + 3?
-5
What is the value of 16 + -23 - -9 - (-3 + -1)?
6
Evaluate (-3 - (-3 + (-2 - -2))) + -3.
-3
Calculate (-5 + 3 - 0) + (3 - -1).
2
-5 + 2 + 8 - (-2 - -1)
6
Calculate -2 + (14 - (13 - 4)).
3
Evaluate -5 + 0 - 2 - -13.
6
Calculate -3 + 2 + 1 - 2.
-2
What is the value of 6 + -12 - -5 - -2?
1
-4 + (7 - (-3 + 8))
-2
Evaluate (3 - (8 + 3) - -5) + 3.
0
What is 4 + -4 - -2 - (8 - 1)?
-5
-7 + (-7 - -10) + 5
1
-2 - -10 - (20 - 17)
5
Calculate -9 - (-4 + 2 + -8).
1
What is the value of -20 + (5 - -9) + 0 + 4?
-2
What is the value of -2 + 3 + (-4 - (6 + -9))?
0
What is the value of 2 + 1 + -6 + (1 - 0)?
-2
What is the value of -12 + 19 + -7 + -3?
-3
What is 3 + 1 + (-35 - -29) - 3?
-5
Calculate 9 + (4 - 3 - -2 - 7).
5
Calculate (4 + 1 - 6) + -2 + -3.
-6
Evaluate 2 - (7 + -3) - (2 - 10).
6
What is the value of 7 + -11 + 7 + -2 + 8?
9
What is 7 - (3 + -1 + -1)?
6
-7 + 11 - (1 + -1 + -1)
5
What is the value of (-3 + -5 - 3) + (8 - 0)?
-3
Calculate -5 + 1 + 2 - (-3 - 0).
1
Calculate -3 + 2 + -9 + 6.
-4
What is the value of -1 - ((1 - 5) + -10 + 14)?
-1
What is (-1 - 1) + 3 + -2 - -4?
3
7 + -1 + (-26 - (-7 - 5))
-8
Calculate (2 - (4 - 5)) + -4.
-1
Evaluate 0 + (-3 - (3 + -5)) + 2.
1
0 + (-6 - (0 + 1)) + -1
-8
Calculate (-1 + 0 - -6) + (-2 - 1).
2
Evaluate (0 - 12) + 8 - (0 - 7).
3
Calculate 6 + (-6 - 3) + 3.
0
What is 2 - ((2 - -2 - 1) + -4)?
3
Calculate (-4 - -2) + (10 - (18 + -2)).
-8
Calculate -6 - (0 + 0 - (13 + -12)).
-5
5 + -3 + 2 - 2
2
Calculate -2 + 4 + -6 + 1.
-3
What is the value of 4 + 1 + 0 + -7 + -1?
-3
1 - (-2 - 11 - (-1 + -5))
8
Evaluate 5 + -1 - (-1 - -15 - 3).
-7
Evaluate 3 - (-5 + 5 - 0).
3
-6 + 14 + -7 + 2
3
5 + (4 + -6 - -1)
4
Evaluate -4 + (4 - (2 - (-5 + 12))).
5
4 + -4 - ((-18 - -9) + 16)
-7
-3 + (-3 - -9) + (-11 - -5)
-3
1 - (-1 + 0 + 3)
-1
What is the value of (-5 - -4 - -5) + -6?
-2
-31 + 16 + (1 - -9)
-5
(7 - (-1 + 6)) + -4
-2
0 + -4 + (-23 - -28)
1
Calculate (-5 - -8 - (6 + -2)) + -2.
-3
What is (-4 - (4 + -4)) + 4 + -2?
-2
Calculate -10 + 11 - (0 - -1 - -3).
-3
What is 5 - (-22 + 23 - (0 - -4))?
8
What is -3 - (2 + -7 - (-8 - -4))?
-2
What is 12 - (-6 - -13 - -3)?
2
Calculate -1 + (-1 - -1 - 5) + 3.
-3
Evaluate (1 - (2 - 4) - 2) + 5.
6
What is the value of 0 - (-1 + -3 - (78 + -76))?
6
What is 4 - (7 + -5 - (-2 - -2))?
2
Calculate -3 - 9 - -5 - -7.
0
Evaluate 1 + 1 + (-2 - 0).
0
What is the value of 5 + 0 + -1 + 0 - 3?
1
What is the value of (9 - 2) + 3 + (4 - 7)?
7
(-5 + -1 - -8) + -2
0
Evaluate (3 - 11) + (9 - (6 + -3)).
-2
Evaluate 4 + (2 - 1 - -2 - 4).
3
Calculate 1 + (5 + 1 - 3 - 4).
0
Evaluate (-4 - -7) + -8 + 3.
-2
8 + -2 + -5 + 1
2
What is the value of (-14 - -14) + (5 + 0 - 1)?
4
What is the value of 17 - (12 - (-3 - -5))?
7
What is the value of 8 - ((8 - 17) + 23)?
-6
What is 7 - ((-1 - -1) + (27